 w**5/60 - 13*w**4/24 - 17*w**3/3 + 803*w**2. What is x(15)?
-4
Let a(t) = -t**2 + 2*t. Let w be a(1). Let k(n) = -60*n - 57*n - 56*n + 228*n - 52*n. Give k(w).
3
Let l(i) = 3*i**3 + 19*i**2 - 15*i - 5. Let g(r) = -r**3 - 4*r**2 + 4*r. Let o(k) = -5*g(k) - l(k). Determine o(4).
129
Let v = 5 + -2. Suppose 4*r - q = -15, r + 13 = -v*r + 3*q. Let o(k) be the first derivative of k**2 + 3*k + 2302. Determine o(r).
-5
Let y = -475 - -478. Let s(w) = -25*w**2 + 2*w**y + 34*w**2 + w - 6 + 0*w**3 + w**3 - 4*w**3. Calculate s(9).
3
Let o(b) = -2*b**2 - 49*b - 10. Let j(v) = -2*v**2 - 57*v - 9. Let h(t) = 3*j(t) - 4*o(t). Give h(-12).
1
Let s(p) = -4*p - 2 + 7 - 2 + 5*p. Let q(k) = k**2 + 38*k + 354. Let j be q(-16). Determine s(j).
5
Let a(f) be the first derivative of f**2/2 - 10*f + 8. Let z(o) = o**3 + 11*o**2 + 16*o - 21. Let x be z(-9). Let d be (7 + (-304)/40)*x*5. Calculate a(d).
-1
Let d(r) be the first derivative of -r**4/2 + 8*r**3/3 - 4*r**2 + 14*r + 1494. What is d(5)?
-76
Let s = -4 + 9. Let l be (8*15/160)/((-1)/(-8)). Let x(w) = -46*w - 4*w**2 + 3*w**3 + 4*w**3 + 44*w - 3 - l*w**3. Give x(s).
12
Let z(x) = x**2 + 3*x + 4. Let d be z(-3). Let q = -133 - -137. Let a(m) = -8*m - 4*m + 4 + 3*m + q*m. Determine a(d).
-16
Let l(a) = -7*a**3 - 8*a**2 + 13*a. Let f(b) = 4*b**3 + 4*b**2 - 7*b. Suppose 16*p = 8 + 168. Let t(z) = p*f(z) + 6*l(z). Give t(3).
21
Let h(u) = 13*u**2 - 27*u + 1. Let b = -8554 + 8557. What is h(b)?
37
Let v(o) be the first derivative of o**3/3 + 9*o**2/2 + 5*o + 2141. Determine v(-12).
41
Let v be 8/40 - 32/10. Let i(s) = -5*s - 7. Let d(l) = 11*l + 15. Let x(q) = q**2 + 11*q + 6. Let n be x(-10). Let r(a) = n*d(a) - 9*i(a). Give r(v).
0
Suppose -z + 24 = 5*p - 16, -3*z + 4*p + 25 = 0. Suppose -13*f = -z*f + 26. Let i(c) = -8 - c - f + 25. Calculate i(-3).
7
Let y(b) = 4*b**3 + 2*b**3 - 5*b**3 - 6*b + 6*b**2. Let n = 415 + -422. Give y(n).
-7
Let r(q) = 16*q - 114. Let d be r(9). Suppose 209*w - 194*w - d = 0. Let u(f) = -f**2 + f - 2. What is u(w)?
-4
Let b(o) = -21*o - 164. Let r = -7308 - -7300. Calculate b(r).
4
Let z(a) = a - 31. Let g(o) = 13*o + 212. Let l(k) = g(k) + 6*z(k). What is l(4)?
102
Suppose -5*c = 4*r - 25, -14*c = -14*c + 4*r. Let a(j) = j**3 - 6*j**2 + 19*j - 61. Determine a(c).
9
Let s(i) = -1 - i - 1 + 10. Let p(l) = 660*l + 21120. Let x be p(-32). Determine s(x).
8
Let p(h) = 18689*h - 5*h**2 - 16 + h**3 + 14 - 18696*h. What is p(7)?
47
Let j = 1 + 0. Let d(v) = -4 + 1 + 9*v + 2*v + 4. Let u(x) = -11*x - 1. Let k(i) = -5*d(i) - 6*u(i). What is k(j)?
12
Let x(w) = -w**3 + 6*w**2 + 2*w + 2. Let m be 81/(-18)*(-12)/9. Give x(m).
14
Let y(p) = -p**3 - 2*p**2 + 18*p + 7. Let u(t) = t**3 - 3*t**2 + 93*t - 393. Let x be u(4). What is y(x)?
-8
Let z(c) = c**3 - 6*c**2 - 7*c - 2. Let u = 23 + -21. Suppose -p - 79 = -3*p - o, -u*o + 76 = 2*p. Let q = 48 - p. Give z(q).
-2
Suppose -20 = -5*p - 2*h + 4*h, h = p - 7. Suppose -6*j = -2*j - 12. Let f(q) = -q - p + j*q**2 - 2 + 2. Determine f(2).
8
Let u(t) = -109 + 15*t + 27 - 114 - 20 - 29*t. Calculate u(-16).
8
Let r(n) = 3*n**3 + 23*n**2 + n + 9. Let o(q) = 2*q**3 + 16*q**2 + q + 8. Let i(v) = 4*o(v) - 3*r(v). Give i(-2).
-9
Let b be 1 + -2 + (91 - 86). Let a(v) be the third derivative of 11/6*v**3 + 0 + 0*v**b + 22*v**2 + 0*v + 1/60*v**5. What is a(0)?
11
Let u be (1/2)/(2 + 21/(-14)). Suppose -4*c + 3*c - 2*w + 6 = 0, -c = 5*w - 15. Let m(z) = 4*z + c - 7*z + u. Give m(8).
-23
Suppose 0 = -10*i + 374 - 334. Let q(v) = 3*v + 7. What is q(i)?
19
Let c(z) = -153 + 3*z + 4*z**2 + 192 - 35 - z**3. Let h = -23 - -28. Give c(h).
-6
Suppose -l + 3*z = -141 + 54, 86 = l - 4*z. Let m = -79 + l. Let t(s) be the first derivative of s**3/3 - 6*s**2 + 13*s - 17. Give t(m).
2
Let r(c) = -17*c + 77. Suppose 0 = -23*a + 72*a - 245. Give r(a).
-8
Let w(m) = 55*m - 9. Let r(z) = 250*z - 40. Let a(h) = -2*r(h) + 9*w(h). Calculate a(-3).
14
Suppose 4*f = -3*t + 66, -5*f + 5*t + 6 = -59. Let y(s) = -s + 11. What is y(f)?
-4
Let j = -206 + 207. Let l(h) = 24*h + 13*h - j + 19*h - 48*h. Suppose 0 = 4*u + u - 5. Give l(u).
7
Let x(w) = -w**2 - 107 + 7*w - 120 + 223. Suppose d - 4*h = 1 + 9, 0 = 3*d + 4*h - 14. Give x(d).
2
Let w(h) = 12*h**2 - h - 99. Let a(n) = -17*n**2 + 3*n + 99. Let k(m) = -2*a(m) - 3*w(m). Calculate k(-8).
-5
Let r(k) = 106*k**2 + 22*k - 121. Let i(p) = 49*p**2 + 11*p - 60. Let s(v) = -13*i(v) + 6*r(v). What is s(-15)?
-6
Let n be (16/9 - 2)/((-996)/2241). Let x(l) be the first derivative of -16 - n*l**2 + 15*l - 1/3*l**3. What is x(0)?
15
Let v(p) be the first derivative of p**2 + 4*p - 15. Let i = -493 - -490. Calculate v(i).
-2
Let u = -162368 + 162376. Let z be (-2 - -1 - 0) + 0. Let a(g) = -g - 8. Let w(r) = 1. Let d(k) = z*a(k) - 3*w(k). Give d(u).
13
Let n(z) = -z**2 + 3*z. Suppose 145*w = 131*w + 28. Suppose 5*m - 5*v - 15 = 0, m - 3*m - w*v = -14. Give n(m).
-10
Let h(m) = -23*m**2 - 156*m + 28. Let z(q) = -11*q**2 - 72*q + 13. Let f(u) = 6*h(u) - 13*z(u). Determine f(1).
4
Let f(l) = -5 + l - 2*l + 10. Let a(r) = 2*r**2 + 5*r + 2. Suppose 19*j + 34 = -4. Let t be a(j). Determine f(t).
5
Let z(h) = 9*h**2 - 15*h - 4. Let q(p) = -2*p**2 + p. Let g = -281 - -282. Let m(d) = g*z(d) + 4*q(d). Determine m(10).
-14
Let r = 9655 + -9672. Let c(t) = t**3 + 16*t**2 - 20*t - 6. Determine c(r).
45
Let i be ((-4)/(-10))/((-58)/(-6235)). Suppose -41*c = 248 - i. Let d(y) = -5 - 5*y**2 + 1 + 2*y - y**3 + 3. What is d(c)?
-11
Let t(o) be the first derivative of 0*o - 1/4*o**4 + 0*o**3 + 0*o**2 - 145. Determine t(2).
-8
Let t(j) = 16*j + 3. Let w be (-56)/(-5) - (-1)/(-20)*4. Let n(h) = 81*h + 16. Let o(p) = w*t(p) - 2*n(p). Calculate o(1).
15
Suppose 10*j + 3 = 9*j. Let b(a) = -5*a - 3. Let z(o) = -9*o - 5. Let c(r) = j*z(r) + 5*b(r). What is c(2)?
4
Let z(j) = -7*j**2 - 19*j + 54. Let a(g) = -3*g**2 - 10*g + 27. Let f(h) = 9*a(h) - 4*z(h). Give f(8).
-21
Suppose 6*x - 108 = -84. Suppose x*d = -7 + 15. Let m(t) = t - 1. Let c(y) = -6*y + 6. Let n(u) = 2*c(u) + 15*m(u). Calculate n(d).
3
Let r(y) be the third derivative of -5*y**3/6 + 2*y**2 - 12*y. Let n(u) = u - 1. Let a(i) = -i**2 + 3*i + 1. Let x be a(3). Let l(g) = x*n(g) - r(g). Give l(0).
4
Let y(p) = -79*p**3 + 32*p**2 + 34*p - 13. Let i(c) = 45*c**3 - 16*c**2 - 17*c + 7. Let b(u) = 7*i(u) + 4*y(u). What is b(17)?
-3
Let i(u) = -3*u + 77. Let c(m) = m - 26. Let g be ((-51)/3)/(6/6). Let f(s) = g*c(s) - 6*i(s). What is f(10)?
-10
Let t(d) be the third derivative of d**4/8 + 5*d**3/6 + 1152*d**2. Determine t(-1).
2
Suppose -3*x - 20*y = -16*y + 40, -y = 5*x + 95. Let g(p) = -2*p**2 - 37*p + 26. Calculate g(x).
-34
Suppose -12*z - 35 = -7*z. Let p(n) = 7*n + 54. Let t be p(z). Let h(y) = y - 7. Give h(t).
-2
Let j(h) = -3*h**3 + h**2 + h + 17. Let n(y) = 13*y + 57. Let r be n(-7). Let p = r - -35. Let a(v) = -v**3 - 1. Let g(b) = p*j(b) - 4*a(b). What is g(0)?
21
Let u be 4/(-6) + (-5 - (-581)/21). Let t(f) = 3*f**2 + 7*f + 6. Let h be t(-4). Let k = u - h. Let s(y) = 2*y + 4. Give s(k).
-4
Let l(h) be the second derivative of 2*h**3 + 269*h**2/2 + 1828*h. Determine l(-22).
5
Let c(v) = 2*v - 34. Let a(z) = z**3 - 39*z**2 + 12. Let p be a(39). Determine c(p).
-10
Let z(b) be the second derivative of -1/2*b**2 - 1/3*b**3 + 1/3*b**4 + 2 - 1/20*b**5 - 24*b. Calculate z(4).
-9
Let x(t) = -29*t**2 - 10 + 5833*t - 5833*t + t**3 + 10*t**2. Give x(19).
-10
Let f be 256/48 + 1/(-6)*-4. Suppose 0 = -f*s + 3*s - 18. Let o(k) be the second derivative of k**5/20 + 7*k**4/12 + 2*k**3/3 - 4*k**2 + k. What is o(s)?
4
Let r(t) = 15*t**2 - 3*t - 14*t**2 - 7*t + 7. Let p be ((-3)/(-4))/(5/40). Give r(p).
-17
Let g(u) = -u + 3. Suppose -1108 = -4*l + 4*j, -67 + 328 = l - 5*j. Let q = l - 276. What is g(q)?
-2
Let f(l) = -l**3 - 31*l**2 - 221*l - 10. Let g be f(-11). Let u(n) = 28*n**3 + n - 1. Determine u(g).
28
Let o(u) be the first derivative of -u**4/4 + 10*u**3/3 - 5*u**2 - 26*u + 5953. What is o(9)?
-35
Let b(q) be the first derivative of q**3/3 - 4*q**2 + 3*q - 990. Calculate b(9).
12
Let h(d) = -3*d**2 + 2*d + 1. Suppose -t = x - 5*x + 160, 0 = -t + 3*x - 165. Let g = t + 179. Calculate h(g).
-4
Let c(u) = -55*u - 20. Let o(r) = -406*r - 141. Let z(l) = -15*c(l) + 2*o(l). What is z(-2)?
-8
Let o(b) = -112*b - 327. Let n 